factor of u and i?
13
Let f(s) = s**3 - 4*s**2 - 9*s + 8. Let q be f(5). Let w be (-3 - (-135)/q)/((-57)/76). Let k = -147 - -223. Calculate the highest common factor of k and w.
19
Let z(u) = -u**3 + 11*u**2 - 22*u - 9. Let l be z(7). Let f be -8 + 6 - l/(-1). Calculate the highest common divisor of 496 and f.
31
Let p(f) = f**3 + 10*f**2 + 10*f - 4. Let s be p(-5). Suppose 12*w = 145 + s. Let x be ((-54)/(-15))/(3/15). What is the highest common factor of w and x?
18
Let p be (2 - (-444)/(-21))/(4/(-28)). Let o = p + -128. Let n(w) = 7*w**2 - 3*w + 2. Let f be n(1). Calculate the highest common divisor of o and f.
6
Let s = 229 - 203. Suppose -2*j - 115 = -7*j + 2*a, j = a + s. What is the greatest common divisor of 672 and j?
21
Let y = 3510 + -3500. What is the greatest common factor of 19 and y?
1
Suppose 0*u - 1610 = -5*u. Suppose 241*x = 236*x - g + 456, 5*x - 472 = 3*g. Calculate the highest common factor of x and u.
46
Let b be (-54)/1053*-91 + (-4)/((-12)/(-5)). Suppose 4*k + 9 = -3*x - 7, -1 = -3*k + x. Let n = 2 + k. Calculate the highest common divisor of b and n.
1
Suppose 13*t = 32*t. Suppose -5*g + 3*k + 666 = t, -4*g = 8*k - 10*k - 534. What is the highest common factor of g and 6?
3
Suppose -4*y = -0*y - 8. Let g(d) = -2 + 9*d**2 + 0*d**2 - 6*d**2. Let z be g(y). Calculate the greatest common factor of 20 and z.
10
Let y = 7671 + -5308. What is the highest common divisor of y and 289?
17
Suppose d - 3*u = 4912, -u = 5*d - 0*u - 24480. What is the greatest common divisor of 59 and d?
59
Let j be (-108 + -2)/(1/(-1)). Suppose 3*o + 34 + 1 = 2*w, 3*w + 2*o = 20. Suppose -w*s + 644 - 204 = 0. What is the highest common factor of s and j?
22
Let k be (-17800)/(-60)*6/5. Suppose 21*t - 85 = k. What is the highest common factor of 525 and t?
21
Let a be ((1 - 6) + 41)*224/24. What is the highest common factor of 21 and a?
21
Suppose 7*k = -5*v + 6*k + 194, -3*v = -2*k - 106. Suppose -j - v + 50 = 0. What is the greatest common factor of j and 4?
4
Suppose 213*o - 203*o = 990. Calculate the greatest common factor of o and 2508.
33
Suppose 2373 = 3*h - 4*w, 3*h + 10*w = 5*w + 2427. What is the highest common divisor of 47 and h?
47
Let i = 406 + -103. Let q = -212 + i. Suppose 10*x - 34*x = -168. Calculate the greatest common factor of x and q.
7
Let a = 237 - 168. Suppose 0 = 2*i + 4*t - 7 - 57, 4*t + 534 = 11*i. Calculate the greatest common divisor of a and i.
23
Suppose -b - 3*m = 36, 16*b - 2*m = 14*b - 40. Let w be 9 - b*11 - -6. What is the greatest common factor of 31 and w?
31
Let o(k) = -9*k**2 - 250*k + 62. Let n be o(-28). Calculate the highest common factor of 2284 and n.
2
Let y(r) = -r**2 + 5*r + 16. Let l = 23 + 7. Suppose l*i + 5 = 31*i. Let m be y(i). Calculate the greatest common divisor of m and 4.
4
Let f = 5098 + -4741. Calculate the greatest common divisor of 1632 and f.
51
Let c = 10452 - 8336. Calculate the greatest common divisor of c and 506.
46
Let i(b) = 282*b - 561*b + 65 + 303*b - b**2. Let p be i(26). Calculate the greatest common divisor of 299 and p.
13
Let t(h) = h**3 + 22*h**2 + 67*h + 1121. Let g be t(-15). What is the highest common divisor of 152 and g?
19
Let x = 419 + -403. Let k = x - -21. Calculate the greatest common factor of 37 and k.
37
Let m(a) = -177*a - 3464. Let t be m(-20). Let o be ((-152)/5)/((-3)/60). What is the highest common divisor of t and o?
76
Let k(j) = -j**2 - 30*j - 117. Let a be k(-5). Let p be (-20)/2 + a - -162. Calculate the highest common factor of p and 50.
10
Let n be (-12 - -20) + 4 - -4908. Calculate the greatest common divisor of n and 123.
123
Suppose -96*h + 285051 = -207909. Calculate the highest common divisor of 65 and h.
65
Let w = -7641 + 9517. Calculate the greatest common factor of w and 28.
28
Let a be (-5)/10*-16 + -14 + 14. Let u(d) = -43*d + 4. Let y be u(-4). Suppose -3*r = -r - y. Calculate the highest common divisor of r and a.
8
Suppose -2*j - 1025 = -77*g + 74*g, -5*g = 5*j - 1750. Calculate the highest common divisor of g and 1104.
69
Let h(a) = a**3 + 14*a**2 + 52*a + 131. Let z be h(-8). Let k = -4 - -22. Calculate the highest common divisor of z and k.
9
Let f be -5*((-17612)/110 - (-57)/(-627)). Calculate the highest common factor of 623 and f.
89
Let b(u) = u**3 + 17*u**2 + 31*u - 3. Let x be b(-10). Let l = 432 - x. Calculate the highest common divisor of l and 45.
45
Suppose -5*a = 25, 2*l - 393 + 1038 = -5*a. Let v = -24 - l. What is the highest common divisor of v and 13?
13
Let u(j) = 69*j - 135. Let a be u(4). Calculate the highest common factor of 2397 and a.
141
Let a = -26 + 31. Suppose a*z - 78 = 3*z. Let b(l) = -8*l**3 - 11*l**2 + 5*l - 4. Let o be b(-4). Calculate the highest common divisor of z and o.
39
Suppose 2*z = -4, -w = 4*z - 50 - 18. Let a = w - 87. Let p be -1*1 - (a - -5). Calculate the greatest common factor of p and 5.
5
Let v(r) = r**3 + r**2 - 20*r. Let x be v(9). Let m = 1000 - x. What is the highest common factor of 10 and m?
10
Let j = 215 - 168. Suppose c - j = -3. What is the greatest common divisor of 4 and c?
4
Let n(r) = -3*r**3 - 3*r**2 + r - 3. Let b be n(-3). Let k(i) = -i**2 - 142*i - 4825. Let u be k(-59). What is the highest common factor of b and u?
24
Let t = -817 - -950. Calculate the highest common factor of 35 and t.
7
Suppose 0*m + 13*m = 3536. Let s = -251 + m. What is the greatest common divisor of s and 231?
21
Suppose 74 - 34 = 5*g. Suppose -g*o - 287 = -959. What is the greatest common factor of o and 112?
28
Let i be (-95 + 671)*(8/6 - 1). Calculate the highest common divisor of 84 and i.
12
Suppose r - 4*a + 38 = 0, -9*a = 3*r - 8*a + 88. Let b be (0 + 3)*(-40)/r. Calculate the greatest common divisor of 22 and b.
2
Let v(n) = 3*n**3 + 35*n**2 - 18*n + 192. Let a be v(-12). What is the greatest common factor of a and 55?
11
Let f = -2322 + 2866. Calculate the greatest common divisor of f and 34.
34
Let a be 4/((-24)/30 + (-4)/(-10)). Let m be -1 + 0 + (a - -8) - -29. What is the highest common factor of m and 2?
2
Let h(j) = -j**3 - 24*j**2 - 24*j - 23. Let r be h(-23). Let c be (r + 2)*((-84)/7 + 17). Calculate the greatest common divisor of 90 and c.
10
Let a = 50 + 115. Let b = -160 + a. Calculate the highest common factor of b and 215.
5
Let i(g) = 4*g**2 + g - 4. Let p be i(-4). Suppose -5997 - 3432 = -75*u + 3171. What is the highest common divisor of p and u?
56
Suppose 6 = -7*l - 1. Let x be (-1155)/(-35)*l/6*-4. What is the highest common divisor of 11 and x?
11
Suppose -616 + 66 = 10*u. Let l be u/(-33)*(-2)/5*-90. Calculate the highest common divisor of l and 45.
15
Let z be (-16485)/(-189) - 2/9. Let n be 482/(-10) - 5/(-25). Let w = z + n. What is the highest common divisor of w and 39?
39
Suppose -25*a + 29*a = -2*y + 546, 5*a + 4*y - 684 = 0. What is the highest common factor of a and 1224?
136
Suppose 173 = r + 5*c, -c = 2*r + 22 - 332. Let m = r + -62. What is the greatest common factor of m and 39?
13
Let j(l) = -57*l + 349. Let o(s) = 19*s - 116. Let g(k) = 6*j(k) + 17*o(k). Let w be g(5). Calculate the highest common divisor of w and 27.
27
Let w = -2426 - -3585. What is the greatest common factor of 488 and w?
61
Suppose -664*q + 667*q - 345 = -3*b, -b - 3*q + 129 = 0. Calculate the highest common factor of b and 2988.
36
Let k = -36424 + 36434. Let l be (-25)/2*(-592)/20. What is the greatest common factor of l and k?
10
Suppose -19*r - 8*r + 440 = -7*r. What is the greatest common factor of r and 8338?
22
Let m = -2024 + 3773. Calculate the highest common divisor of 66 and m.
33
Suppose 6*r - 3*m = 3*r + 579, 5*m - 379 = -2*r. Let u = -1264 - -1424. What is the highest common divisor of u and r?
32
Suppose -h - 2 = -0*g - g, -5*h = 20. Let k be 3 - (0 - (-42)/(-3 - g)). Suppose 0*r - k = -3*r. What is the greatest common factor of 165 and r?
15
Let v(i) = -2*i**2 - 22*i**3 + 3*i + 5*i**2 + 0*i**2. Let z be v(-1). What is the greatest common divisor of 198 and z?
22
Let f be 95 - -1*(-4 - -3). Let k(i) = 19*i**2 - 144*i - 16. Let q be k(14). Suppose 2*z + 10*z = q. What is the highest common factor of f and z?
47
Let w be (-4)/42*3 + 22704/84. Suppose -3*g + 270 = -4*m, -3*m = -3*g - 0*m + w. Calculate the greatest common divisor of 90 and g.
90
Let b be 49 